= 0. Calculate the remainder when u is divided by b.
13
Let u be (-2)/(-5) - (-4732)/70. Suppose -u*t = -72*t + 200. What is the remainder when t is divided by 6?
2
What is the remainder when 718 is divided by ((-27)/1)/(8/((-112)/21))?
16
Let m(j) = 4*j**2 + 47*j - 569. Calculate the remainder when 1208 is divided by m(10).
4
Let a(o) = -o**3 - 21*o**2 - 21*o + 29. Let s be a(-20). Let k = -110 + 80. Let b = k + s. Calculate the remainder when 75 is divided by b.
18
Let d = 2009 - 1423. Calculate the remainder when d is divided by 179.
49
Let h = 2690 + -2418. What is the remainder when h is divided by 73?
53
Suppose 4*m + 7 = 5*f - 61, 2*f = 5*m + 17. Let r = 1235 - 1060. Calculate the remainder when r is divided by f.
15
Suppose 5*r + 16*n - 45 = 11*n, 0 = -r - 2*n + 4. What is the remainder when 94 is divided by r?
10
Suppose -z = -35 - 35. Suppose -2*d - 4*m = m - z, -d = m - 32. Calculate the remainder when d is divided by 10.
0
Let h(f) = 12 - 2 - 1 + 19 - 6*f. What is the remainder when 12 is divided by h(4)?
0
Let h = -194 - -182. Calculate the remainder when 52 is divided by h/4 + 3 + 15.
7
Suppose -6*a = v - 2*a - 421, -5*v + 2200 = a. Let y be 4/18 - 7/(v/(-1246)). What is the remainder when ((-32)/(-20) - -6)*2*y is divided by 34?
32
Let j(w) = 24*w**2 - 7*w - 4. Let l be j(-6). Suppose -8*r + l = -682. Let c = 277 - r. What is the remainder when c is divided by 22?
13
Let b(m) = 105*m - 3865. Calculate the remainder when b(40) is divided by 224.
111
Suppose 4*m - 502 = -5*u, 5*m + 459 = -19*u + 23*u. What is the remainder when 3812 is divided by u?
102
What is the remainder when 456 is divided by ((-4641)/34)/((-12)/40)?
1
Suppose -3*b - 10*q = -14*q + 311, 5*b + 528 = -3*q. Calculate the remainder when 81 is divided by (-5880)/b - (-3)/(-1).
28
Suppose -41*w + 812 = -1156. Calculate the remainder when 463 is divided by w.
31
Let m = -28593 + 28694. Calculate the remainder when 248 is divided by m.
46
Suppose -9*b + 26 + 1 = 0. Suppose -9 + 0 = -3*c, -5*c = -3*l + b. Suppose -t = l - 44. What is the remainder when t is divided by 11?
5
Let l = 2607 + -2606. Suppose 7*p = 3*p - 120. Calculate the remainder when -6*-5*l/p*-44 is divided by 5.
4
Let d(g) = 4*g**3 - 27*g**2 - 19*g - 27. Calculate the remainder when d(13) is divided by 76.
75
Let k(m) = -7*m + m**2 + 16 - 41 + 8. Calculate the remainder when 75 is divided by k(11).
21
Suppose 20*a + 40 = 12*a. What is the remainder when 98 is divided by a/(80/(-25) - -3)?
23
Let i(q) = 3*q**2 - 104*q - 83. Calculate the remainder when 1228 is divided by i(37).
172
Let o(g) = -2*g**3 + 89*g**2 + 48*g - 108. What is the remainder when o(45) is divided by 16?
11
Calculate the remainder when ((-12)/9)/(3832/768 - 5) is divided by 39.
11
Suppose 5*v - 1818 = -38. Calculate the remainder when v is divided by 5.
1
What is the remainder when 1837 is divided by -106*((98/(-28) - 1*-6) + -6)?
353
Suppose 3*i = 3*g - 6*g + 153, -2*i - g + 101 = 0. Suppose -4*b + 2 = -i. Let j(w) = w**2 - 12*w + 8. What is the remainder when 39 is divided by j(b)?
18
Let x = -3383 + 3409. What is the remainder when 1816 is divided by x?
22
Let r = -179 - -387. Suppose -12*y + r = -740. What is the remainder when y is divided by 4?
3
Suppose -5*h + 21 = 11*c - 10*c, c = -2*h + 6. Calculate the remainder when (h/5)/((-2)/(-572)) is divided by 48.
46
Suppose 15*r = 51 + 84. Calculate the remainder when 9 - r - 10/(-2)*7 is divided by 18.
17
Suppose 2*u - 2*m - 306 = 0, 2*u - 3*m - 326 = -5*m. Suppose -u*j = -152*j - 666. Calculate the remainder when j is divided by 38.
35
Suppose -10*u = 34642 - 34862. What is the remainder when 460 is divided by u?
20
Suppose 3*h = -2*y + 87, -3*y + 0*h - 3*h + 129 = 0. Calculate the remainder when (7 + 140/(-21))*354 is divided by y.
34
Let c(z) = 15*z + 20. Let t be c(-1). Suppose 0 = t*b - 1004 + 94. Calculate the remainder when b is divided by 61.
60
Suppose 5*i - 374 = -2*a, -7*a + 11*a - 3*i - 696 = 0. Calculate the remainder when a is divided by 161.
16
Suppose 0 = c - 3*v + 4 - 8, -v = -2*c + 8. Suppose -2*u + 5*z + 133 = 0, c*u - 21 = -4*z + 315. What is the remainder when u is divided by 12?
7
Suppose -16*m + 25*m = 126. Let u(h) = h**2 - 7*h - 51. What is the remainder when 186 is divided by u(m)?
45
Let u = -6394 + 6595. What is the remainder when 1607 is divided by u?
200
Let y = 26 - 19. Suppose 2*r = -3*k + 24, -3*r - k - 2 + 24 = 0. Let i(w) = w + 21. Calculate the remainder when i(r) is divided by y.
6
Suppose -6*k + 2 + 16 = 0. Let s be 63 + k/((-3)/4). Let q = s - 51. What is the remainder when 20 is divided by q?
4
Let t(v) = 147*v - 273. Let n be t(7). What is the remainder when 73 is divided by (0 - 0 - -93)/(n/252)?
11
Suppose 27 + 174 = 2*w + 25. What is the remainder when 259 is divided by w?
83
Let n(l) = -l**3 + 4*l**2 + l - 2. Let s be n(4). Suppose 5*c = 16 + 4. What is the remainder when ((-10)/4)/(s/(-4)) is divided by c?
1
Suppose 0 = 52*q - 4853 - 1127. What is the remainder when 1839 is divided by q?
114
Suppose 0 = 58*a - 2976 - 3636. Calculate the remainder when 1479 is divided by a.
111
What is the remainder when 188 is divided by (-2)/(-12)*2*(-47)/(235/(-915))?
5
Suppose -316*v = -314*v - 308. Suppose -158*d = -v*d - 788. What is the remainder when d is divided by 25?
22
Suppose -4*j - 22 = -42. Suppose -j*p + 3*p + 170 = 0. Suppose 355 = 5*i + q - 2*q, -i + 3*q + p = 0. What is the remainder when i is divided by 18?
16
What is the remainder when 416 is divided by ((-44)/638 - (-6842)/(-29))/(-2)?
62
Let i(u) = -u + 20. Let a be i(15). Suppose -4*s = k - 211, a*s - 2*s = 5*k + 141. Calculate the remainder when s is divided by 11.
8
Let g be ((-18)/(-45))/((-12)/(-210)). What is the remainder when 86 is divided by 11/(((-49)/(-7))/g)?
9
Suppose 4*j + 5130 = 22*j. Let x = -252 + j. Calculate the remainder when 160 is divided by x.
28
Let z be 3 + 5 + (-12)/4. Let p = 2506 - 2336. What is the remainder when p is divided by 144/z + 9/45?
25
Let p = -118 + 168. Calculate the remainder when (-12)/(-8*8/768) is divided by p.
44
Suppose 0 = -x - 2*x - 4*l + 29, 5*l - 25 = 0. Suppose -6*b + 270 = -x*b. Suppose b = -5*j + 14*j. Calculate the remainder when 19 is divided by j.
9
Calculate the remainder when 1115 is divided by 48/(-96)*(-8)/46 - (-6482)/46.
128
Let v(z) = z**2 - z - 10. Let a(j) = 3*j + 68. Let n be a(-22). Suppose n*m = 2*t - 4*t + 28, t = 4*m - 11. What is the remainder when v(7) is divided by t?
5
Let a = -4034 - -4188. Calculate the remainder when 638 is divided by a.
22
Let a = 78 - 0. Suppose 4*t + 18 = -2*t. What is the remainder when 8/(-12)*(-9)/t + a is divided by 11?
10
Suppose 82 = a + 5*j, 4*a + 4*j = j + 277. Suppose -2*u = 3*g + 13 + 3, 3*u + 18 = -3*g. Calculate the remainder when a is divided by ((-1)/u)/((-7)/(-238)).
16
Suppose -3*s + 249 = -63. Suppose s = -0*u + 4*u. Suppose -3*l = m - 65, 3*m - l = u + 129. Calculate the remainder when m is divided by 18.
17
Suppose 2706*p + 7800 = 2736*p. What is the remainder when 887 is divided by p?
107
Suppose 0 = -5*g - 3*x + 838, -22*x = -27*x + 30. Calculate the remainder when 3766 is divided by g.
158
Suppose 0 = -i - 4*a + 168, -a + 641 = 645. What is the remainder when 1483 is divided by i?
11
Suppose 4*w - 36 - 162 = -3*n, -3*w + 152 = 4*n. Calculate the remainder when 337 is divided by w.
1
Let p = -726 + 1419. Calculate the remainder when p is divided by 39.
30
Let u be (-62)/(-1)*1*7. Let t be (28/24)/7 + (-464)/(-96). Suppose -12*w + u = -t*w. What is the remainder when w is divided by 13?
10
Suppose r - 4 = 36. Suppose 2*o - 28 = -141*w + 140*w, -3*o + 18 = 0. Calculate the remainder when r is divided by w.
8
Let i = -119 + 115. Calculate the remainder when ((-2)/(-2) + i)/(33/(-22)) is divided by 2.
0
Let p = 334 + -617. Let k = p + 503. What is the remainder when k is divided by 37?
35
Suppose 5 = y + 8, -4*y = -2*x + 176. Let t = x + -43. Calculate the remainder when (8/(-6))/((-4)/222) is divided by t.
35
Let t be (-3 - -10) + -2 + 0. Suppose -104 - 111 = -t*m. Suppose -m = -6*x + 11. Calculate the remainder when 21 is divided by x.
3
Suppose -3855 = -0*p + 15*p. Let w = p - -299. Calculate the remainder when w is divided by 17.
8
Let x be (-3 + (-2 - -8))/(